 12) in base 4?
-2013
-35113 (base 6) to base 4
-1032111
What is 15065 (base 12) in base 9?
44355
Convert -21022211 (base 4) to base 14.
-d977
49557 (base 10) to base 4
30012111
-1110110010 (base 2) to base 7
-2521
Convert -651 (base 14) to base 4.
-103133
Convert 21e (base 16) to base 12.
392
Convert -3ab (base 14) to base 5.
-10424
What is 10022 (base 6) in base 16?
51e
What is -470 (base 8) in base 10?
-312
2d4 (base 14) to base 10
578
Convert -110011 (base 3) to base 5.
-2303
-5949 (base 12) to base 13
-4719
Convert -5451 (base 8) to base 10.
-2857
-59c (base 13) to base 6
-4302
What is -1001101 (base 2) in base 3?
-2212
What is -1a48 (base 15) in base 8?
-13075
Convert 9050 (base 15) to base 14.
b150
What is -5b25 (base 14) in base 7?
-64245
Convert 152 (base 10) to base 9.
178
334422 (base 5) to base 14
4474
What is -23431 (base 6) in base 15?
-101d
-3206 (base 11) to base 6
-31345
474a (base 14) to base 5
344124
-1000011100 (base 2) to base 7
-1401
Convert -75106 (base 8) to base 14.
-b59c
74 (base 16) to base 9
138
207e (base 16) to base 12
4992
Convert -13042 (base 9) to base 14.
-32b8
Convert -45 (base 11) to base 8.
-61
7707 (base 10) to base 9
11513
Convert -13033 (base 4) to base 2.
-111001111
54b (base 15) to base 14
616
Convert 2221100 (base 3) to base 4.
201132
-245 (base 14) to base 10
-453
What is -76 (base 13) in base 14?
-6d
11f (base 16) to base 4
10133
-1505 (base 7) to base 13
-368
Convert 1532 (base 7) to base 6.
2455
11292 (base 11) to base 16
3fbb
What is 72254 (base 9) in base 12?
23664
Convert 122333 (base 4) to base 15.
7a2
What is -140521 (base 6) in base 4?
-3031201
-4113 (base 5) to base 15
-258
Convert 112121 (base 3) to base 13.
244
What is -1100111000 (base 2) in base 3?
-1010112
What is -66270 (base 8) in base 4?
-12302320
What is -167 (base 9) in base 12?
-ba
-174d (base 15) to base 6
-35131
Convert -3000003 (base 4) to base 9.
-17766
Convert -1014 (base 9) to base 14.
-3b0
-409 (base 16) to base 12
-721
Convert 4401 (base 5) to base 8.
1131
-303330 (base 4) to base 7
-12456
What is -475 (base 14) in base 5?
-12022
What is -24003 (base 6) in base 8?
-6603
-22b7 (base 13) to base 11
-3739
What is -15356 (base 7) in base 3?
-12220102
What is -17268 (base 13) in base 3?
-2020212010
What is -474 (base 15) in base 8?
-1761
What is -170725 (base 8) in base 12?
-2b9b1
Convert -241036 (base 7) to base 3.
-2012210101
-339 (base 11) to base 4
-12111
-2003013 (base 4) to base 11
-6339
What is -3300 (base 8) in base 2?
-11011000000
-655 (base 7) to base 9
-411
-29574 (base 10) to base 6
-344530
-4235 (base 6) to base 14
-4c7
Convert 112a9 (base 15) to base 10.
54609
d3 (base 16) to base 9
254
What is -27242 (base 9) in base 7?
-104501
Convert -18875 (base 10) to base 12.
-ab0b
Convert 142 (base 11) to base 2.
10100111
15a (base 13) to base 12
184
What is -be (base 15) in base 5?
-1204
What is -532 (base 8) in base 14?
-1aa
What is 1010111001 (base 2) in base 15?
317
e11 (base 15) to base 8
6136
What is 4545 (base 6) in base 11?
896
-20012200 (base 3) to base 10
-4527
What is -335502 (base 6) in base 9?
-43052
-984 (base 12) to base 5
-21041
What is 10be1 (base 15) in base 11?
37065
What is -575 (base 16) in base 8?
-2565
What is -65 (base 12) in base 3?
-2212
What is 405312 (base 6) in base 14?
bab2
What is 1231 (base 5) in base 9?
232
What is 4c1 (base 14) in base 16?
3b9
Convert 11001100 (base 2) to base 16.
cc
What is -42301 (base 7) in base 8?
-24306
Convert 212022002 (base 3) to base 7.
100343
Convert -21637 (base 8) to base 12.
-533b
Convert 132 (base 5) to base 14.
30
-843 (base 12) to base 8
-2263
Convert 382 (base 13) to base 8.
1145
1338 (base 13) to base 14
1007
-205142 (base 7) to base 13
-13169
What is -a63 (base 14) in base 12?
-1227
What is 323301 (base 4) in base 16?
ef1
What is 32055 (base 9) in base 14?
7a19
What is -17d53 (base 14) in base 2?
-1110101101010101
Convert -320130 (base 4) to base 7.
-13350
113104 (base 5) to base 14
172a
What is 3219 (base 12) in base 7?
22005
Convert 1255 (base 6) to base 10.
323
What is 294 (base 13) in base 12?
323
What is -92 (base 14) in base 13?
-9b
What is -26453 (base 7) in base 15?
-217e
Convert 223103 (base 4) to base 10.
2771
Convert -b7c2 (base 13) to base 7.
-134240
-43410 (base 5) to base 7
-11455
What is -264 (base 16) in base 3?
-211200
Convert -dea (base 15) to base 16.
-c49
What is -1003133 (base 4) in base 10?
-4319
-112100122 (base 3) to base 10
-10466
-6301 (base 8) to base 14
-1293
Convert 37 (base 13) to base 14.
34
4352 (base 6) to base 2
1111101100
-282 (base 10) to base 16
-11a
Convert 2306 (base 9) to base 15.
78c
Convert 533c (base 13) to base 9.
16745
Convert 1654 (base 9) to base 6.
5504
What is -7936 (base 10) in base 5?
-223221
-1889 (base 10) to base 8
-3541
23c (base 16) to base 2
1000111100
-2101100021 (base 3) to base 11
-32272
26ca (base 13) to base 9
7573
Convert 10374 (base 8) to base 3.
12222001
What is 11152 (base 6) in base 3?
2011112
Convert 363 (base 14) to base 2.
1010100011
135 (base 12) to base 13
113
Convert -292 (base 11) to base 3.
-110201
31041 (base 5) to base 6
13205
What is 251163 (base 7) in base 3?
2100011210
306422 (base 7) to base 15
1092b
34320 (base 5) to base 4
212130
-44 (base 12) to base 15
-37
Convert 22967 (base 11) to base 16.
8152
Convert 1002102 (base 3) to base 14.
40a
Convert 1010010100 (base 2) to base 13.
3ba
-1473 (base 8) to base 14
-431
Convert 431b (base 14) to base 9.
16806
What is -2221 (base 10) in base 14?
-b49
What is -1301000 (base 4) in base 15?
-2222
What is -3317 (base 8) in base 13?
-a41
Convert 563 (base 7) to base 11.
244
What is 291 (base 14) in base 7?
1341
-135 (base 8) to base 10
-93
-216 (base 13) to base 6
-1353
Convert 8651 (base 13) to base 6.
222212
Convert -131431 (base 5) to base 9.
-7163
-1ca4 (base 16) to base 7
-30243
Convert -111000100100 (base 2) to base 4.
-320210
What is 6522 (base 7) in base 8?
4417
What is 35434 (base 9) in base 2?
101110010000011
What is b0a (base 15) in base 13?
1192
What is -28266 (base 10) in base 5?
-1401031
Convert -2001202 (base 3) to base 9.
-2052
Convert -809 (base 11) to base 3.
-1100012
What is -332023 (base 4) in base 13?
-1a71
15a (base 16) to base 4
11122
-2233 (base 5) to base 12
-226
What is -31553 (base 6) in base 11?
-3275
What is -320 (base 15) in base 11?
-591
What is 6a (base 13) in base 2?
1011000
What is -58b7 (base 15) in base 3?
-221212001
Convert 1332 (base 12) to base 11.
1719
34034 (base 8) to base 4
3200130
What is 5485 (base 10) in base 16?
156d
What is -23030123 (base 4) in base 15?
-d8bb
Convert 100001111111 (base 2) to base 14.
b15
Convert -bc5 (base 16) to base 12.
-18b1
What is -1121241 (base 5) in base 11?
-141a0
Convert 7839 (base 12) to base 13.
6087
Convert -352115 (base 6) to base 12.
-1563b
15161 (base 8) to base 6
51201
3122122 (base 4) to base 13
6493
What is 713 (base 11) in base 15?
3c6
-10110011010 (base 2) to base 10
-1434
Convert 5db8 (base 16) to base 15.
7197
Convert -21012 (base 3) to base 15.
-ce
What is 1e04 (base 15) in base 3?
22221211
Convert 1005 (base 8) to base 10.
517
c9 (base 15) to base 7
360
Convert -1162 (base 9) to base 8.
-1542
Convert -b20 (base 15) to base 4.
-213021
What is 870 (base 16) in base 13?
ca2
Convert -45023 (base 6) to base 5.
-200104
What is -11002 (base 3) in base 8?
-156
Convert 3ef9 (base 16) to base 14.
5c37
3494 (base 11) to base 6
33112
Convert 122223 (base 4) to base 9.
2306
What is -99b8 (base 14) in base 12?
-134a6
What is -1034 (base 5) in base 14?
-a4
-16340 (base 7) to base 16
-121a
What is 4028 (base 10) in base 3?
12112012
23708 (base 10) to base 11
168a3
Convert 300033 (base 4) to base 9.
4210
What is -232 (base 11) in base 7?
-544
What is 1000001 (base 2) in base 3?
2102
-26523 (base 8) to base 11
-8799
Convert 21212 (base 8) to base 6.
104534
Convert 854 (base 12) to base 3.
1200001
-234 (base 14) to base 7
-1164
231 (base 9) to base 4
2332
What is -27433 (base 9) in base 11?
-12a60
Convert 73d2 (base 14) to base 5.
1114410
Convert -18b7 (base 13) to base 14.
-14c3
Convert -110001111 (base 2) to base 5.
-3044
14 (base 7) to base 14
b
What is -1001010101000111 (base 2) in base 9?
-57371
-3320 (base 5) to base 8
-714
-557 (base 14) to base 6
-4521
W